re the prime factors of 157067706?
2, 3, 83, 197, 1601
What are the prime factors of 21052332?
2, 3, 7, 27847
What are the prime factors of 6504193481?
37, 175789013
List the prime factors of 49372353.
3, 5485817
What are the prime factors of 76013918?
2, 41, 257, 3607
List the prime factors of 386282847.
3, 31, 4153579
What are the prime factors of 428686640?
2, 5, 71, 1063
What are the prime factors of 84217874?
2, 13, 673, 4813
What are the prime factors of 1964447165?
5, 392889433
What are the prime factors of 119007474?
2, 3, 23, 29, 131, 227
What are the prime factors of 140687189?
17, 8275717
List the prime factors of 1497426093.
3, 739, 225143
List the prime factors of 16354937.
1667, 9811
What are the prime factors of 153710269?
153710269
List the prime factors of 5334464.
2, 17, 4903
What are the prime factors of 496700978?
2, 41, 6057329
List the prime factors of 36501493.
7, 5214499
List the prime factors of 20268676.
2, 367, 13807
List the prime factors of 32291567.
7, 11, 269, 1559
What are the prime factors of 60561563?
37, 53, 89, 347
List the prime factors of 15780896.
2, 17, 29009
What are the prime factors of 32367854?
2, 23, 179, 3931
What are the prime factors of 53924723?
103, 523541
What are the prime factors of 126426431?
241, 524591
What are the prime factors of 135559607?
43, 743, 4243
List the prime factors of 1237161078.
2, 3, 2087, 32933
List the prime factors of 375132950.
2, 5, 97, 77347
What are the prime factors of 590511490?
2, 5, 17, 37, 269, 349
List the prime factors of 156720632.
2, 193, 101503
What are the prime factors of 6804553?
7, 972079
What are the prime factors of 1356546312?
2, 3, 11, 570937
What are the prime factors of 35016777?
3, 3890753
What are the prime factors of 2704459901?
11, 13, 619, 30553
What are the prime factors of 4397254098?
2, 3, 732875683
List the prime factors of 34752385.
5, 43, 161639
List the prime factors of 117233568.
2, 3, 31, 1459
List the prime factors of 178187472.
2, 3, 17, 19, 1277
List the prime factors of 9516198.
2, 3, 709, 2237
What are the prime factors of 4567358?
2, 2283679
List the prime factors of 59286171.
3, 7, 53, 53267
List the prime factors of 62050853.
239, 259627
List the prime factors of 1581240658.
2, 37, 61, 433, 809
What are the prime factors of 3011517466?
2, 23, 65467771
List the prime factors of 28138500.
2, 3, 5, 13, 37
What are the prime factors of 81857079?
3, 43, 4919
List the prime factors of 716610905.
5, 7309, 19609
List the prime factors of 239479802.
2, 119739901
What are the prime factors of 1955263757?
53, 36891769
List the prime factors of 12075238.
2, 7, 41, 109, 193
List the prime factors of 45703640.
2, 5, 61, 18731
What are the prime factors of 1194001978?
2, 13, 29, 83, 19079
List the prime factors of 46240331.
46240331
List the prime factors of 373918067.
43, 8695769
List the prime factors of 64670487.
3, 7, 37, 83231
What are the prime factors of 101171864?
2, 12646483
List the prime factors of 153030529.
153030529
List the prime factors of 961376535.
3, 5, 7, 19, 29, 191
List the prime factors of 62611495.
5, 389, 32191
List the prime factors of 1073118009.
3, 357706003
List the prime factors of 246130952.
2, 883, 34843
What are the prime factors of 28596162?
2, 3, 7, 680861
What are the prime factors of 106496468?
2, 13, 29, 70621
List the prime factors of 309864427.
2473, 125299
What are the prime factors of 343666114?
2, 11, 15621187
List the prime factors of 92199744.
2, 3, 7, 13, 1759
What are the prime factors of 377526999?
3, 6569, 19157
List the prime factors of 142821573.
3, 17, 41, 167, 409
What are the prime factors of 2930810?
2, 5, 293081
What are the prime factors of 87942925?
5, 7, 19, 26449
What are the prime factors of 54734892?
2, 3, 4561241
What are the prime factors of 3381337124?
2, 11, 569, 135059
List the prime factors of 50261285.
5, 41, 245177
What are the prime factors of 506723982?
2, 3, 131, 644687
What are the prime factors of 12821028?
2, 3, 11, 23, 41, 103
List the prime factors of 6920463.
3, 11, 43, 4877
What are the prime factors of 29906797?
29906797
What are the prime factors of 40190284?
2, 10047571
What are the prime factors of 186195128?
2, 7, 3324913
List the prime factors of 1379098908.
2, 3, 11, 3482573
List the prime factors of 222375406.
2, 11, 10107973
List the prime factors of 492142850.
2, 5, 9842857
What are the prime factors of 9594251?
47, 204133
What are the prime factors of 51514754?
2, 25757377
List the prime factors of 77593383.
3, 7, 136849
List the prime factors of 53490539.
53490539
What are the prime factors of 58366464?
2, 3, 13, 37, 79
List the prime factors of 3744606793.
23, 37, 41, 107323
What are the prime factors of 1087750268?
2, 11, 24721597
What are the prime factors of 5406426019?
103, 547, 95959
What are the prime factors of 437726209?
41, 67, 159347
What are the prime factors of 6539145?
3, 5, 233, 1871
List the prime factors of 582285745.
5, 719, 161971
List the prime factors of 458439571.
16477, 27823
List the prime factors of 91802836.
2, 22950709
List the prime factors of 29795795.
5, 1789, 3331
What are the prime factors of 1360084083?
3, 453361361
List the prime factors of 70059464.
2, 173, 223, 227
What are the prime factors of 2581840934?
2, 557, 2317631
What are the prime factors of 301757190?
2, 3, 5, 7, 131, 1567
List the prime factors of 21489477.
3, 97, 73847
What are the prime factors of 30985702?
2, 11, 107, 13163
What are the prime factors of 91145660?
2, 5, 19, 239857
List the prime factors of 7160280088.
2, 13, 293, 234979
List the prime factors of 136987537.
1327, 103231
What are the prime factors of 27486072?
2, 3, 41, 9311
What are the prime factors of 229077101?
11, 37, 281, 2003
List the prime factors of 453478257.
3, 5598497
What are the prime factors of 4582966?
2, 89, 25747
What are the prime factors of 5393013274?
2, 11, 23, 109, 277, 353
List the prime factors of 395844080.
2, 5, 277, 17863
What are the prime factors of 5739242370?
2, 3, 5, 197, 953, 1019
What are the prime factors of 25650666?
2, 3, 41, 34757
List the prime factors of 5530895313.
3, 443, 4161697
List the prime factors of 1095869502.
2, 3, 7, 13, 669029
List the prime factors of 10904397.
3, 7, 519257
What are the prime factors of 1803862126?
2, 11, 43, 1906831
What are the prime factors of 814344234?
2, 3, 11, 17, 43, 16879
List the prime factors of 71355629.
199, 358571
List the prime factors of 70421826.
2, 3, 113, 103867
What are the prime factors of 130638383?
89, 197, 7451
What are the prime factors of 2431310067?
3, 31, 2904791
List the prime factors of 20105766.
2, 3, 199, 1871
What are the prime factors of 2461273981?
131, 641, 29311
What are the prime factors of 2800415598?
2, 3, 19289, 24197
What are the prime factors of 88647449?
11, 37, 173, 1259
What are the prime factors of 118865687?
31, 3834377
List the prime factors of 660455747.
7, 73, 1292477
List the prime factors of 198342550.
2, 5, 7, 566693
List the prime factors of 10963016.
2, 1370377
List the prime factors of 854224410.
2, 3, 5, 13, 1471, 1489
What are the prime factors of 387262942?
2, 11, 37, 475753
List the prime factors of 3228704682.
2, 3, 7, 2017, 38113
List the prime factors of 57051134.
2, 7, 269, 15149
List the prime factors of 59812795.
5, 7, 31, 55127
What are the prime factors of 320867562?
2, 3, 233, 229519
List the prime factors of 110584769.
19, 306329
What are the prime factors of 1088988676?
2, 331, 409, 2011
List the prime factors of 1879494518.
2, 11, 85431569
List the prime factors of 23625179.
71, 332749
What are the prime factors of 3402750694?
2, 7, 113, 2150917
What are the prime factors of 981828488?
2, 122728561
List the prime factors of 18316926.
2, 3, 1017607
What are the prime factors of 30541297?
61, 500677
List the prime factors of 4385695707.
3, 13043, 37361
List the prime factors of 2889656028.
2, 3, 7, 1638127
List the prime factors of 1013423273.
19, 1559, 34213
What are the prime factors of 150075971?
1187, 126433
What are the prime factors of 2397004266?
2, 3, 13613, 29347
List the prime factors of 45948546.
2, 3, 7, 40519
What are the prime factors of 60495311?
97, 349, 1787
List the prime factors of 102221273.
7, 11, 19, 107, 653
What are t